-4*f - 7 = -5*z, z = -l*z - 2*f + n. Calculate the remainder when 8 is divided by z.
2
Let p = -740 + 799. Calculate the remainder when 158 is divided by p.
40
Let a = 9 + -5. Suppose 5 = -a*w - 3, 4*j = -w - 10. Let g(t) = 8*t**2 - t. Calculate the remainder when g(j) is divided by 18.
16
Let f(o) = -o**3 + 3*o**2 + o - 1. Let v be f(3). Suppose 7*d - v*d - 160 = 0. Calculate the remainder when d is divided by 17.
15
Let t(b) = 4*b**2 - 18*b - 10. Calculate the remainder when t(8) is divided by (-78)/4*(-12)/9.
24
Suppose -3*v - 9 = -15. Suppose 0*p + 23 = -p - 5*u, v*u + 16 = 3*p. Suppose p*n = -2*n + 60. What is the remainder when 26 is divided by n?
11
Let z = 39 - 33. Let c(s) = 1 - 2*s - 3 - s + 2*s**2 - 1. What is the remainder when c(-2) is divided by z?
5
Let z = -110 + 162. Calculate the remainder when 99 is divided by z.
47
Let u(p) = -p**3 + 25*p**2 + p + 2. Calculate the remainder when 313 is divided by u(25).
16
Suppose -5*u + 570 = 5*o, 4*u - 337 = u - 2*o. Suppose -2*j - 3*j = -2*t + 106, -3*t - 5*j = -u. Calculate the remainder when t is divided by 5.
3
Let g(a) = -5*a - 5. Calculate the remainder when 8/32 - 454/(-8) is divided by g(-4).
12
Let g = 26 - 6. Let a(f) = -2*f**2 - 25*f + 6. Let t be a(-12). Suppose -1 = j + 2*z - t, -3*z = j - 22. Calculate the remainder when g is divided by j.
6
Let g(j) = -7*j - 10. Let x(o) = 14*o + 21. Let h(r) = 9*g(r) + 4*x(r). What is the remainder when h(-7) is divided by (31 + (-17 - -8))*1/2?
10
Let n = 153 - 133. Calculate the remainder when 216 is divided by n.
16
Calculate the remainder when 61 is divided by (-530)/(-24) + 124/(-1488).
17
Calculate the remainder when -2 - (-45 + 0 + 1) is divided by (-6)/10 - -226*9/90.
20
Let m(t) be the second derivative of -91*t**3/6 + t**2 + 10*t. What is the remainder when m(-1) is divided by 24?
21
Let t = 42 + -41. Let o(a) = 30*a**3 - 19*a**3 + 33*a**3 + 25*a**3. What is the remainder when o(t) is divided by 18?
15
Let x = -32 - -46. Suppose 0 = f - 3*y - 68, 5*f - y - 255 = -3*y. Calculate the remainder when f is divided by x.
11
Suppose 0 = -11*p - 750 + 7900. What is the remainder when p is divided by 21?
20
Let w(y) = 4*y**2 + 2*y + 10. Let z be w(-4). Suppose -2*h + 5*q + z = 0, 4*h - 4*q - 67 - 41 = 0. Calculate the remainder when 90 is divided by h.
21
Suppose -3*d - 624 = 9*d. Let p = 56 + d. What is the remainder when 15 is divided by p?
3
Suppose s - 23 = -4*t - 0*t, -2*s - 10 = 0. Suppose 4*z - 9 = 79. Calculate the remainder when z is divided by t.
1
Let b = 3096 + -3079. What is the remainder when b is divided by 1/(-4) + 82/8?
7
Let z(x) = x + 37. Let l = -3 - -7. Suppose -k = -l*k. Calculate the remainder when z(k) is divided by 13.
11
Let d(f) = f**2 + 6*f - 18. Suppose 2*l = -30 + 12. What is the remainder when d(l) is divided by 4?
1
Suppose 728 = 3*p - 265. Suppose -p - 1 = -5*f - 3*c, 60 = f - c. Suppose -11*t + 15*t = f. What is the remainder when 60 is divided by t?
12
Suppose 3*n - 8 = 2*g, 0 = -4*g - 16. Suppose n = h - 4*h + 96. Suppose 359 + 103 = 42*w. Calculate the remainder when h is divided by w.
10
Suppose 0*z = -2*z + m, -4*z - m = 0. Suppose 8*a + 2*a - 370 = z. What is the remainder when 258 is divided by a?
36
Suppose 7*m = 2084 - 1923. What is the remainder when 430 is divided by m?
16
Let n = -71 - -105. Suppose 0*a = -4*r + 4*a + 20, -5 = 2*r + 3*a. Suppose -2*p = r*z - n, p - 46 = -2*z - 7. Calculate the remainder when z is divided by 5.
2
Suppose -5*z = -76 - 54. Suppose -4*k = 2*v - 84 - 32, -v - 5*k + 73 = 0. Calculate the remainder when v is divided by z.
22
Let u(h) = -18*h - 39. What is the remainder when 57 is divided by u(-4)?
24
Let i = 10 + 5. What is the remainder when (i/10)/(1/10) is divided by 6?
3
Let x be (14/(-4) - 3/6)*-8. Suppose -4*b = -4*d + 24, -2*d + 4*d - x = -2*b. Let k(o) = o**2 + 3*o - 4. Calculate the remainder when d is divided by k(-5).
5
Let j(i) = i**2 - 17*i - 28. What is the remainder when 238 is divided by j(19)?
8
Suppose -5*v - u = 117, 5*v + u + 2*u + 111 = 0. What is the remainder when 52/(-6)*v/16 is divided by 9?
4
Suppose -3*p - i = -9, -p - 4*i = -0*i - 3. Suppose -u = -5*r - 6 + 15, 0 = -4*u + p*r - 2. What is the remainder when 2 is divided by u?
0
Suppose 4*j = -2*t - 0*t - 4, 5*t = 4*j + 18. Let p = 30 + j. Suppose -4*q + p = -0*q. What is the remainder when 11 is divided by q?
4
Suppose -41 = 8*l + 47. Let q(d) = d**3 + 13*d**2 + 18*d - 20. Calculate the remainder when q(l) is divided by 13.
11
Suppose 88 = 3*n + n - 3*y, -3*n - y + 53 = 0. What is the remainder when -17*(72/(-8) + 7) is divided by n?
15
Let p = 2489 + -2468. Suppose 5*q + 14 = -6, 3*q + 53 = r. Calculate the remainder when r is divided by p.
20
Suppose -14*i + 18*i = 156. What is the remainder when 66 is divided by i?
27
Suppose 48 = 5*a + 53. Let n = 4 - a. Let h(b) = -4*b - 4. Calculate the remainder when h(-4) is divided by n.
2
Suppose -2*l - a = -3, 2*a = -3*l + 3*a + 12. Let f be -5 - (4/2 + -3). Let r(o) = -3*o - 9. What is the remainder when r(f) is divided by l?
0
Suppose 2*i + 1 - 7 = 0. Suppose -k + 15 = -3*m + 6*m, -2*k = i*m - 15. Suppose 8*q - 25 = 3*q, m*b - 5*q = 110. What is the remainder when 51 is divided by b?
24
Let y be 2 - 6*(-1)/(-6). What is the remainder when 46 is divided by 18/y + (-3 - (-2 - 3))?
6
Calculate the remainder when 13 is divided by (-120)/(-36) + (2 - 1/3).
3
Let j = 74 - 49. Suppose 0 = 4*n - 3*l - j, -n + l + 11 = n. What is the remainder when 30 is divided by n?
2
Suppose -2*q = 2*k, 6*q - 3*q - 2*k = 0. Suppose q = 3*t - 120. Calculate the remainder when t is divided by 15.
10
Let f = -9 + 10. Suppose f + 0 = k. Calculate the remainder when 15 is divided by (3 - k) + 9 + -7.
3
Let w be (2/4)/((-3)/(-6)*-1). Calculate the remainder when 374/8 - ((-1)/(-4))/w is divided by 10.
7
Let f(u) = u + 6. Suppose d + 0*d - 2*c = -10, 3*c - 15 = 0. What is the remainder when 17 is divided by f(d)?
5
Let h be 3/(-1) + (2 - 1). Suppose -440*v - 21 = -447*v. Calculate the remainder when v is divided by h*1/(2/(-2)).
1
Let m be (-1)/2*-2 + 5. Suppose 1 = -8*v + 9. Let j = m + v. What is the remainder when 18 is divided by j?
4
Let c = 18 + 5. Suppose 6*s = 49 + c. Calculate the remainder when 20 is divided by s.
8
Let n(d) = 66*d - 2172. Suppose -81 = -3*f - 0*f. What is the remainder when f is divided by n(33)?
3
Let n = 73 + 4. Suppose -5*p + 12*p - n = 0. Calculate the remainder when 61 is divided by p.
6
Suppose -2*p + 16 = -5*q, 3*p = p - 3*q + 32. Let n = 168 - 138. What is the remainder when n is divided by p?
4
Suppose 7*z - 5*b - 3 = 4*z, -5*z = 4*b - 42. Suppose -3*p = -p - 18. What is the remainder when p is divided by z?
3
Let z be 300/14 + 15/(-35). Suppose 5*i - z = -96. Calculate the remainder when (-141)/i + 4/(-10) is divided by 4.
1
Let y = 110 - 154. Let j = y - -59. Calculate the remainder when 28 is divided by j.
13
Let w be 10 + -7 + (-2)/(-1). Suppose -100 + 10 = -w*g. What is the remainder when 70 is divided by g?
16
Let m(n) = 10*n + 59. What is the remainder when m(1) is divided by 26?
17
Let t(i) = 4*i + 1. Let h be t(1). Suppose 2*d + 12 = h*d. What is the remainder when 9 is divided by d?
1
Let q = -454 - -592. What is the remainder when q is divided by 41?
15
Let t(b) = -b + 19. Suppose 5*c + 1 = -44. Calculate the remainder when 110 is divided by t(c).
26
Suppose 0 = 2*t - 4*t - 2*k + 282, 5*k = -2*t + 267. Calculate the remainder when t is divided by 31.
22
Suppose -4*r + s = 6*s - 48, s = -3*r + 25. Calculate the remainder when 76 is divided by r.
6
Let n(u) = u**3 - 15*u**2 - 16*u + 36. What is the remainder when 71 is divided by n(16)?
35
Let s = -73 - -131. What is the remainder when s is divided by 12?
10
Suppose -5*v + 2*v + 30 = 0. Let j(b) = b**2 - 7*b + 5. Let i = 0 + 9. What is the remainder when j(v) is divided by i?
8
Let r(v) = v**2 - 6*v - 12. Calculate the remainder when 12/18 - ((-13)/3 - 2) is divided by r(8).
3
What is the remainder when 438 is divided by -20 + 99 - 10/2?
68
Calculate the remainder when (-114 + 6*(-25)/(-30))/(-1) is divided by 18.
1
Let k(n) = 16*n - 111. Calculate the remainder when k(15) is divided by 66.
63
Suppose 4*a - 10 = 2. Suppose a*o = -3*q + 21, o + 7 = 2*o + 5*q. Let c = o + -2